{"id":1364,"date":"2023-06-06T11:20:05","date_gmt":"2023-06-06T09:20:05","guid":{"rendered":"https:\/\/clsm.epn-agglo.fr\/?page_id=1364"},"modified":"2023-06-21T14:34:36","modified_gmt":"2023-06-21T12:34:36","slug":"elementor-1364","status":"publish","type":"page","link":"https:\/\/clsm.epn-agglo.fr\/?page_id=1364","title":{"rendered":"Page cr\u00e9dits"},"content":{"rendered":"\t\t<div data-elementor-type=\"wp-page\" data-elementor-id=\"1364\" class=\"elementor elementor-1364\">\n\t\t\t\t\t\t<section class=\"elementor-section elementor-top-section elementor-element elementor-element-fbeae14 elementor-section-boxed elementor-section-height-default elementor-section-height-default\" data-id=\"fbeae14\" data-element_type=\"section\" data-e-type=\"section\">\n\t\t\t\t\t\t<div class=\"elementor-container elementor-column-gap-default\">\n\t\t\t\t\t<div class=\"elementor-column elementor-col-100 elementor-top-column elementor-element elementor-element-9df966c\" data-id=\"9df966c\" data-element_type=\"column\" data-e-type=\"column\">\n\t\t\t<div class=\"elementor-widget-wrap elementor-element-populated\">\n\t\t\t\t\t\t<div class=\"elementor-element elementor-element-0fa7ad9 elementor-widget elementor-widget-heading\" data-id=\"0fa7ad9\" data-element_type=\"widget\" data-e-type=\"widget\" data-widget_type=\"heading.default\">\n\t\t\t\t<div class=\"elementor-widget-container\">\n\t\t\t\t\t<h2 class=\"elementor-heading-title elementor-size-default\">Cr\u00e9dits images<\/h2>\t\t\t\t<\/div>\n\t\t\t\t<\/div>\n\t\t\t\t<div class=\"elementor-element elementor-element-323064e elementor-widget elementor-widget-html\" data-id=\"323064e\" data-element_type=\"widget\" data-e-type=\"widget\" data-widget_type=\"html.default\">\n\t\t\t\t<div class=\"elementor-widget-container\">\n\t\t\t\t\t<a href=\"https:\/\/fr.freepik.com\/vecteurs-libre\/personnes-discutant-presentation_5949659.htm#from_view=detail_alsolike\">Image de pikisuperstar<\/a> sur Freepik\n\t\t\t\t<\/div>\n\t\t\t\t<\/div>\n\t\t\t\t<div class=\"elementor-element elementor-element-5d592ca elementor-widget elementor-widget-html\" data-id=\"5d592ca\" data-element_type=\"widget\" data-e-type=\"widget\" data-widget_type=\"html.default\">\n\t\t\t\t<div class=\"elementor-widget-container\">\n\t\t\t\t\t<a href=\"https:\/\/fr.freepik.com\/vecteurs-libre\/composition-medecine-du-diabete-sertie-symboles-symptomes-illustration-vectorielle-isolee-plate_26761977.htm#page=3&query=troubles%20m%C3%A9dicaux&position=8&from_view=search&track=ais\">Image de macrovector<\/a> sur Freepik\t\t\t\t<\/div>\n\t\t\t\t<\/div>\n\t\t\t\t<div class=\"elementor-element elementor-element-9d20e87 elementor-widget elementor-widget-html\" data-id=\"9d20e87\" data-element_type=\"widget\" data-e-type=\"widget\" data-widget_type=\"html.default\">\n\t\t\t\t<div class=\"elementor-widget-container\">\n\t\t\t\t\t<a href=\"https:\/\/fr.freepik.com\/vecteurs-libre\/personnes-appareils-technologiques_7071859.htm#query=flat%20design&position=29&from_view=search&track=ais\">Image de pikisuperstar<\/a> sur Freepik\t\t\t\t<\/div>\n\t\t\t\t<\/div>\n\t\t\t\t<div class=\"elementor-element elementor-element-93dcd26 elementor-widget elementor-widget-html\" data-id=\"93dcd26\" data-element_type=\"widget\" data-e-type=\"widget\" data-widget_type=\"html.default\">\n\t\t\t\t<div class=\"elementor-widget-container\">\n\t\t\t\t\t<a href=\"https:\/\/fr.freepik.com\/vecteurs-libre\/gens-affaires-partageant-idees_5949648.htm#query=flat%20design&position=32&from_view=search&track=ais\">Image de pikisuperstar<\/a> sur Freepik\t\t\t\t<\/div>\n\t\t\t\t<\/div>\n\t\t\t\t<div class=\"elementor-element elementor-element-3d7511f elementor-widget elementor-widget-html\" data-id=\"3d7511f\" data-element_type=\"widget\" data-e-type=\"widget\" data-widget_type=\"html.default\">\n\t\t\t\t<div class=\"elementor-widget-container\">\n\t\t\t\t\t<a href=\"https:\/\/fr.freepik.com\/vecteurs-libre\/icones-therapie-hypnose-isometrique-sertie-symboles-consultation-psychologue-illustration-vectorielle-isolee_34370487.htm#query=profession%20sant%C3%A9%20mentale&position=39&from_view=search&track=ais\">Image de macrovector<\/a> sur Freepik\t\t\t\t<\/div>\n\t\t\t\t<\/div>\n\t\t\t\t<div class=\"elementor-element elementor-element-e7dc3f1 elementor-widget elementor-widget-html\" data-id=\"e7dc3f1\" data-element_type=\"widget\" data-e-type=\"widget\" data-widget_type=\"html.default\">\n\t\t\t\t<div class=\"elementor-widget-container\">\n\t\t\t\t\t<a href=\"https:\/\/www.freepik.com\/free-vector\/group-doctors-standing-hospital-building-team-practitioners-ambulance-car_12291026.htm#query=professionel%20de%20sant%C3%A9&position=3&from_view=search&track=ais\">Image by pch.vector<\/a> on Freepik\t\t\t\t<\/div>\n\t\t\t\t<\/div>\n\t\t\t\t<div class=\"elementor-element elementor-element-ca4eff6 elementor-widget elementor-widget-html\" data-id=\"ca4eff6\" data-element_type=\"widget\" data-e-type=\"widget\" data-widget_type=\"html.default\">\n\t\t\t\t<div class=\"elementor-widget-container\">\n\t\t\t\t\t<a href=\"https:\/\/fr.freepik.com\/vecteurs-libre\/medecin-pointant-vers-centre-sante-prive-services-medicaux-soins-sante-prives-services-medicaux-prives-concept-centre-soins-sante-illustration-isolee-vecteur-bleu-corail-rose_11666946.htm#query=structure%20sant%C3%A9%20priv%C3%A9e&position=19&from_view=search&track=ais\">Image de vectorjuice<\/a> sur Freepik\t\t\t\t<\/div>\n\t\t\t\t<\/div>\n\t\t\t\t<div class=\"elementor-element elementor-element-1fdbdc2 elementor-widget elementor-widget-html\" data-id=\"1fdbdc2\" data-element_type=\"widget\" data-e-type=\"widget\" data-widget_type=\"html.default\">\n\t\t\t\t<div class=\"elementor-widget-container\">\n\t\t\t\t\t<a href=\"https:\/\/fr.freepik.com\/vecteurs-libre\/illustration-vectorielle-services-maternite-concept-abstrait-service-soins-maternite-soins-perinatals-soutien-qualifie-pour-grossesse-accouchement-metaphore-abstraite-accouchement-periode-post-partum_11667049.htm#query=structure%20sant%C3%A9%20priv%C3%A9e&position=22&from_view=search&track=ais\">Image de vectorjuice<\/a> sur Freepik\t\t\t\t<\/div>\n\t\t\t\t<\/div>\n\t\t\t\t<div class=\"elementor-element elementor-element-41b4852 elementor-widget elementor-widget-html\" data-id=\"41b4852\" data-element_type=\"widget\" data-e-type=\"widget\" data-widget_type=\"html.default\">\n\t\t\t\t<div class=\"elementor-widget-container\">\n\t\t\t\t\t<a href=\"https:\/\/www.flaticon.com\/fr\/icones-gratuites\/la-discrimination\" title=\"la discrimination ic\u00f4nes\">La discrimination ic\u00f4nes cr\u00e9\u00e9es par Freepik - Flaticon<\/a>\t\t\t\t<\/div>\n\t\t\t\t<\/div>\n\t\t\t\t<div class=\"elementor-element elementor-element-ab3b3b3 elementor-widget elementor-widget-html\" data-id=\"ab3b3b3\" data-element_type=\"widget\" data-e-type=\"widget\" data-widget_type=\"html.default\">\n\t\t\t\t<div class=\"elementor-widget-container\">\n\t\t\t\t\t<a href=\"https:\/\/www.flaticon.com\/fr\/icones-gratuites\/aide\" title=\"aide ic\u00f4nes\">Aide ic\u00f4nes cr\u00e9\u00e9es par Freepik - Flaticon<\/a>\t\t\t\t<\/div>\n\t\t\t\t<\/div>\n\t\t\t\t<div class=\"elementor-element elementor-element-0fa9a55 elementor-widget elementor-widget-html\" data-id=\"0fa9a55\" data-element_type=\"widget\" data-e-type=\"widget\" data-widget_type=\"html.default\">\n\t\t\t\t<div class=\"elementor-widget-container\">\n\t\t\t\t\t<a href=\"https:\/\/www.flaticon.com\/fr\/icones-gratuites\/musee\" title=\"mus\u00e9e ic\u00f4nes\">Mus\u00e9e ic\u00f4nes cr\u00e9\u00e9es par Freepik - Flaticon<\/a>\t\t\t\t<\/div>\n\t\t\t\t<\/div>\n\t\t\t\t<div class=\"elementor-element elementor-element-635b0fe elementor-widget elementor-widget-html\" data-id=\"635b0fe\" data-element_type=\"widget\" data-e-type=\"widget\" data-widget_type=\"html.default\">\n\t\t\t\t<div class=\"elementor-widget-container\">\n\t\t\t\t\t<a href=\"https:\/\/www.flaticon.com\/fr\/icones-gratuites\/medical\" title=\"m\u00e9dical ic\u00f4nes\">M\u00e9dical ic\u00f4nes cr\u00e9\u00e9es par Good Ware - Flaticon<\/a>\t\t\t\t<\/div>\n\t\t\t\t<\/div>\n\t\t\t\t<div class=\"elementor-element elementor-element-f5dd8fb elementor-widget elementor-widget-html\" data-id=\"f5dd8fb\" data-element_type=\"widget\" data-e-type=\"widget\" data-widget_type=\"html.default\">\n\t\t\t\t<div class=\"elementor-widget-container\">\n\t\t\t\t\t<a href=\"https:\/\/www.flaticon.com\/fr\/icones-gratuites\/qualite-de-vie\" title=\"qualit\u00e9 de vie ic\u00f4nes\">Qualit\u00e9 de vie ic\u00f4nes cr\u00e9\u00e9es par juicy_fish - Flaticon<\/a>\t\t\t\t<\/div>\n\t\t\t\t<\/div>\n\t\t\t\t<div class=\"elementor-element elementor-element-492fdbf elementor-widget elementor-widget-html\" data-id=\"492fdbf\" data-element_type=\"widget\" data-e-type=\"widget\" data-widget_type=\"html.default\">\n\t\t\t\t<div class=\"elementor-widget-container\">\n\t\t\t\t\t<a href=\"https:\/\/www.flaticon.com\/fr\/icones-gratuites\/les-conditions-de-travail\" title=\"les conditions de travail ic\u00f4nes\">Les conditions de travail ic\u00f4nes cr\u00e9\u00e9es par dwiangga.icon  - Flaticon<\/a>\t\t\t\t<\/div>\n\t\t\t\t<\/div>\n\t\t\t\t<div class=\"elementor-element elementor-element-b4b5655 elementor-widget elementor-widget-html\" data-id=\"b4b5655\" data-element_type=\"widget\" data-e-type=\"widget\" data-widget_type=\"html.default\">\n\t\t\t\t<div class=\"elementor-widget-container\">\n\t\t\t\t\t<a href=\"https:\/\/www.flaticon.com\/fr\/icones-gratuites\/universite\" title=\"universit\u00e9 ic\u00f4nes\">Universit\u00e9 ic\u00f4nes cr\u00e9\u00e9es par Freepik - Flaticon<\/a>\t\t\t\t<\/div>\n\t\t\t\t<\/div>\n\t\t\t\t<div class=\"elementor-element elementor-element-308f564 elementor-widget elementor-widget-html\" data-id=\"308f564\" data-element_type=\"widget\" data-e-type=\"widget\" data-widget_type=\"html.default\">\n\t\t\t\t<div class=\"elementor-widget-container\">\n\t\t\t\t\t<a href=\"https:\/\/www.flaticon.com\/fr\/icones-gratuites\/personnalite\" title=\"personnalit\u00e9 ic\u00f4nes\">Personnalit\u00e9 ic\u00f4nes cr\u00e9\u00e9es par surang - Flaticon<\/a>\t\t\t\t<\/div>\n\t\t\t\t<\/div>\n\t\t\t\t<div class=\"elementor-element elementor-element-01808c4 elementor-widget elementor-widget-html\" data-id=\"01808c4\" data-element_type=\"widget\" data-e-type=\"widget\" data-widget_type=\"html.default\">\n\t\t\t\t<div class=\"elementor-widget-container\">\n\t\t\t\t\t<a href=\"https:\/\/www.flaticon.com\/fr\/icones-gratuites\/la-biologie\" title=\"la biologie ic\u00f4nes\">La biologie ic\u00f4nes cr\u00e9\u00e9es par Freepik - Flaticon<\/a>\t\t\t\t<\/div>\n\t\t\t\t<\/div>\n\t\t\t\t<div class=\"elementor-element elementor-element-7f6784c elementor-widget elementor-widget-html\" data-id=\"7f6784c\" data-element_type=\"widget\" data-e-type=\"widget\" data-widget_type=\"html.default\">\n\t\t\t\t<div class=\"elementor-widget-container\">\n\t\t\t\t\t<a href=\"https:\/\/www.flaticon.com\/fr\/icones-gratuites\/emotion\" title=\"\u00e9motion ic\u00f4nes\">\u00c9motion ic\u00f4nes cr\u00e9\u00e9es par Freepik - Flaticon<\/a>\t\t\t\t<\/div>\n\t\t\t\t<\/div>\n\t\t\t\t<div class=\"elementor-element elementor-element-441d282 elementor-widget elementor-widget-html\" data-id=\"441d282\" data-element_type=\"widget\" data-e-type=\"widget\" data-widget_type=\"html.default\">\n\t\t\t\t<div class=\"elementor-widget-container\">\n\t\t\t\t\t<a href=\"https:\/\/www.flaticon.com\/fr\/icones-gratuites\/estime\" title=\"estime ic\u00f4nes\">Estime ic\u00f4nes cr\u00e9\u00e9es par Freepik - Flaticon<\/a>\t\t\t\t<\/div>\n\t\t\t\t<\/div>\n\t\t\t\t<div class=\"elementor-element elementor-element-6559c8b elementor-widget elementor-widget-html\" data-id=\"6559c8b\" data-element_type=\"widget\" data-e-type=\"widget\" data-widget_type=\"html.default\">\n\t\t\t\t<div class=\"elementor-widget-container\">\n\t\t\t\t\t<a href=\"https:\/\/www.flaticon.com\/fr\/icones-gratuites\/enterrement-de-vie-de-jeune-fille\" title=\"enterrement de vie de jeune fille ic\u00f4nes\">Enterrement de vie de jeune fille ic\u00f4nes cr\u00e9\u00e9es par bsd - Flaticon<\/a>\t\t\t\t<\/div>\n\t\t\t\t<\/div>\n\t\t\t\t<div class=\"elementor-element elementor-element-388dc16 elementor-widget elementor-widget-html\" data-id=\"388dc16\" data-element_type=\"widget\" data-e-type=\"widget\" data-widget_type=\"html.default\">\n\t\t\t\t<div class=\"elementor-widget-container\">\n\t\t\t\t\t<a href=\"https:\/\/fr.freepik.com\/vecteurs-libre\/illustration-concept-trouble-bipolaire_10386549.htm#query=illustration%20bipolaire&position=1&from_view=search&track=ais\">Image de storyset<\/a> sur Freepik\t\t\t\t<\/div>\n\t\t\t\t<\/div>\n\t\t\t\t<div class=\"elementor-element elementor-element-e956256 elementor-widget elementor-widget-html\" data-id=\"e956256\" data-element_type=\"widget\" data-e-type=\"widget\" data-widget_type=\"html.default\">\n\t\t\t\t<div class=\"elementor-widget-container\">\n\t\t\t\t\t<a href=\"https:\/\/fr.freepik.com\/vecteurs-libre\/personnes-conseillant-psychologue-isole-illustration-vectorielle-plane-medecin-dessin-anime-parlant-patients-session-psychotherapeute-concept-therapie-groupe-dependance_10613280.htm#page=2&query=illustration%20flat%20design%20th%C3%A9rapeute&position=22&from_view=search&track=ais\">Image de pch.vector<\/a> sur Freepik\t\t\t\t<\/div>\n\t\t\t\t<\/div>\n\t\t\t\t<div class=\"elementor-element elementor-element-13a42ff elementor-widget elementor-widget-html\" data-id=\"13a42ff\" data-element_type=\"widget\" data-e-type=\"widget\" data-widget_type=\"html.default\">\n\t\t\t\t<div class=\"elementor-widget-container\">\n\t\t\t\t\t<a href=\"https:\/\/www.flaticon.com\/fr\/icones-gratuites\/engrenages\" title=\"engrenages ic\u00f4nes\">Engrenages ic\u00f4nes cr\u00e9\u00e9es par Freepik - Flaticon<\/a>\t\t\t\t<\/div>\n\t\t\t\t<\/div>\n\t\t\t\t<div class=\"elementor-element elementor-element-6ff9dee elementor-widget elementor-widget-html\" data-id=\"6ff9dee\" data-element_type=\"widget\" data-e-type=\"widget\" data-widget_type=\"html.default\">\n\t\t\t\t<div class=\"elementor-widget-container\">\n\t\t\t\t\t<a href=\"https:\/\/www.flaticon.com\/fr\/icones-gratuites\/puzzle\" title=\"puzzle ic\u00f4nes\">Puzzle ic\u00f4nes cr\u00e9\u00e9es par Hilmy Abiyyu A. - Flaticon<\/a>\t\t\t\t<\/div>\n\t\t\t\t<\/div>\n\t\t\t\t<div class=\"elementor-element elementor-element-f385169 elementor-widget elementor-widget-html\" data-id=\"f385169\" data-element_type=\"widget\" data-e-type=\"widget\" data-widget_type=\"html.default\">\n\t\t\t\t<div class=\"elementor-widget-container\">\n\t\t\t\t\t<a href=\"https:\/\/www.flaticon.com\/fr\/icones-gratuites\/hopital\" title=\"h\u00f4pital ic\u00f4nes\">H\u00f4pital ic\u00f4nes cr\u00e9\u00e9es par Freepik - Flaticon<\/a>\r\n\t\t\t\t<\/div>\n\t\t\t\t<\/div>\n\t\t\t\t<div class=\"elementor-element elementor-element-a378df5 elementor-widget elementor-widget-html\" data-id=\"a378df5\" data-element_type=\"widget\" data-e-type=\"widget\" data-widget_type=\"html.default\">\n\t\t\t\t<div class=\"elementor-widget-container\">\n\t\t\t\t\t<a href=\"https:\/\/www.flaticon.com\/fr\/icones-gratuites\/la-communication\" title=\"la communication ic\u00f4nes\">La communication ic\u00f4nes cr\u00e9\u00e9es par Freepik - Flaticon<\/a>\t\t\t\t<\/div>\n\t\t\t\t<\/div>\n\t\t\t\t<div class=\"elementor-element elementor-element-52479ff elementor-widget elementor-widget-html\" data-id=\"52479ff\" data-element_type=\"widget\" data-e-type=\"widget\" data-widget_type=\"html.default\">\n\t\t\t\t<div class=\"elementor-widget-container\">\n\t\t\t\t\t<a href=\"https:\/\/www.flaticon.com\/fr\/icones-gratuites\/emoji\" title=\"emoji ic\u00f4nes\">Emoji ic\u00f4nes cr\u00e9\u00e9es par Freepik - Flaticon<\/a>\t\t\t\t<\/div>\n\t\t\t\t<\/div>\n\t\t\t\t<div class=\"elementor-element elementor-element-4cab5c3 elementor-widget elementor-widget-html\" data-id=\"4cab5c3\" data-element_type=\"widget\" data-e-type=\"widget\" data-widget_type=\"html.default\">\n\t\t\t\t<div class=\"elementor-widget-container\">\n\t\t\t\t\t<a href=\"https:\/\/fr.freepik.com\/vecteurs-libre\/femmes-parlant-illustration-concept_24487863.htm#page=3&query=illustration%20discussion&position=13&from_view=search&track=ais\">Image de storyset<\/a> sur Freepik\t\t\t\t<\/div>\n\t\t\t\t<\/div>\n\t\t\t\t<div class=\"elementor-element elementor-element-ae4e767 elementor-widget elementor-widget-html\" data-id=\"ae4e767\" data-element_type=\"widget\" data-e-type=\"widget\" data-widget_type=\"html.default\">\n\t\t\t\t<div class=\"elementor-widget-container\">\n\t\t\t\t\t<a href=\"https:\/\/fr.freepik.com\/vecteurs-libre\/patient-sexe-masculin-entraineur-consultation-psychologie-parlant-au-psychologue-service-psychologue-conseil-prive-concept-psychologie-familiale-illustration-isolee-vecteur-bleu-corail-rose_11666956.htm#query=illustration%20psychoth%C3%A9rapeute&position=3&from_view=search&track=ais\">Image de vectorjuice<\/a> sur Freepik\t\t\t\t<\/div>\n\t\t\t\t<\/div>\n\t\t\t\t<div class=\"elementor-element elementor-element-a84f467 elementor-widget elementor-widget-html\" data-id=\"a84f467\" data-element_type=\"widget\" data-e-type=\"widget\" data-widget_type=\"html.default\">\n\t\t\t\t<div class=\"elementor-widget-container\">\n\t\t\t\t\t<a href=\"https:\/\/www.flaticon.com\/fr\/icones-gratuites\/geolocalisation\" title=\"g\u00e9olocalisation ic\u00f4nes\">G\u00e9olocalisation ic\u00f4nes cr\u00e9\u00e9es par SBTS2018 - Flaticon<\/a>\t\t\t\t<\/div>\n\t\t\t\t<\/div>\n\t\t\t\t\t<\/div>\n\t\t<\/div>\n\t\t\t\t\t<\/div>\n\t\t<\/section>\n\t\t\t\t<\/div>\n\t\t","protected":false},"excerpt":{"rendered":"<p>Cr\u00e9dits images Image de pikisuperstar sur Freepik Image de macrovector sur Freepik Image de pikisuperstar sur Freepik Image de pikisuperstar sur Freepik Image de macrovector sur Freepik Image by pch.vector on Freepik Image de vectorjuice sur Freepik Image de vectorjuice sur Freepik La discrimination ic\u00f4nes cr\u00e9\u00e9es par Freepik &#8211; Flaticon Aide ic\u00f4nes cr\u00e9\u00e9es par Freepik [&hellip;]<\/p>\n","protected":false},"author":4,"featured_media":0,"parent":0,"menu_order":0,"comment_status":"closed","ping_status":"closed","template":"","meta":{"_acf_changed":false,"footnotes":""},"class_list":["post-1364","page","type-page","status-publish","hentry"],"acf":[],"yoast_head":"<!-- This site is optimized with the Yoast SEO plugin v27.5 - https:\/\/yoast.com\/product\/yoast-seo-wordpress\/ -->\n<title>Page cr\u00e9dits - CLSM evreux<\/title>\n<meta name=\"robots\" content=\"index, follow, max-snippet:-1, max-image-preview:large, max-video-preview:-1\" \/>\n<link rel=\"canonical\" href=\"https:\/\/clsm.epn-agglo.fr\/?page_id=1364\" \/>\n<meta property=\"og:locale\" content=\"fr_FR\" \/>\n<meta property=\"og:type\" content=\"article\" \/>\n<meta property=\"og:title\" content=\"Page cr\u00e9dits - CLSM evreux\" \/>\n<meta property=\"og:description\" content=\"Cr\u00e9dits images Image de pikisuperstar sur Freepik Image de macrovector sur Freepik Image de pikisuperstar sur Freepik Image de pikisuperstar sur Freepik Image de macrovector sur Freepik Image by pch.vector on Freepik Image de vectorjuice sur Freepik Image de vectorjuice sur Freepik La discrimination ic\u00f4nes cr\u00e9\u00e9es par Freepik &#8211; Flaticon Aide ic\u00f4nes cr\u00e9\u00e9es par Freepik [&hellip;]\" \/>\n<meta property=\"og:url\" content=\"https:\/\/clsm.epn-agglo.fr\/?page_id=1364\" \/>\n<meta property=\"og:site_name\" content=\"CLSM evreux\" \/>\n<meta property=\"article:modified_time\" content=\"2023-06-21T12:34:36+00:00\" \/>\n<meta name=\"twitter:card\" content=\"summary_large_image\" \/>\n<meta name=\"twitter:label1\" content=\"Dur\u00e9e de lecture estim\u00e9e\" \/>\n\t<meta name=\"twitter:data1\" content=\"1 minute\" \/>\n<script type=\"application\/ld+json\" class=\"yoast-schema-graph\">{\"@context\":\"https:\\\/\\\/schema.org\",\"@graph\":[{\"@type\":\"WebPage\",\"@id\":\"https:\\\/\\\/clsm.epn-agglo.fr\\\/?page_id=1364\",\"url\":\"https:\\\/\\\/clsm.epn-agglo.fr\\\/?page_id=1364\",\"name\":\"Page cr\u00e9dits - CLSM evreux\",\"isPartOf\":{\"@id\":\"https:\\\/\\\/clsm.epn-agglo.fr\\\/#website\"},\"datePublished\":\"2023-06-06T09:20:05+00:00\",\"dateModified\":\"2023-06-21T12:34:36+00:00\",\"breadcrumb\":{\"@id\":\"https:\\\/\\\/clsm.epn-agglo.fr\\\/?page_id=1364#breadcrumb\"},\"inLanguage\":\"fr-FR\",\"potentialAction\":[{\"@type\":\"ReadAction\",\"target\":[\"https:\\\/\\\/clsm.epn-agglo.fr\\\/?page_id=1364\"]}]},{\"@type\":\"BreadcrumbList\",\"@id\":\"https:\\\/\\\/clsm.epn-agglo.fr\\\/?page_id=1364#breadcrumb\",\"itemListElement\":[{\"@type\":\"ListItem\",\"position\":1,\"name\":\"Accueil\",\"item\":\"https:\\\/\\\/clsm.epn-agglo.fr\\\/\"},{\"@type\":\"ListItem\",\"position\":2,\"name\":\"Page cr\u00e9dits\"}]},{\"@type\":\"WebSite\",\"@id\":\"https:\\\/\\\/clsm.epn-agglo.fr\\\/#website\",\"url\":\"https:\\\/\\\/clsm.epn-agglo.fr\\\/\",\"name\":\"CLSM evreux\",\"description\":\"\",\"publisher\":{\"@id\":\"https:\\\/\\\/clsm.epn-agglo.fr\\\/#organization\"},\"potentialAction\":[{\"@type\":\"SearchAction\",\"target\":{\"@type\":\"EntryPoint\",\"urlTemplate\":\"https:\\\/\\\/clsm.epn-agglo.fr\\\/?s={search_term_string}\"},\"query-input\":{\"@type\":\"PropertyValueSpecification\",\"valueRequired\":true,\"valueName\":\"search_term_string\"}}],\"inLanguage\":\"fr-FR\"},{\"@type\":\"Organization\",\"@id\":\"https:\\\/\\\/clsm.epn-agglo.fr\\\/#organization\",\"name\":\"CLSM evreux\",\"url\":\"https:\\\/\\\/clsm.epn-agglo.fr\\\/\",\"logo\":{\"@type\":\"ImageObject\",\"inLanguage\":\"fr-FR\",\"@id\":\"https:\\\/\\\/clsm.epn-agglo.fr\\\/#\\\/schema\\\/logo\\\/image\\\/\",\"url\":\"https:\\\/\\\/clsm.epn-agglo.fr\\\/wp-content\\\/uploads\\\/2023\\\/06\\\/new-logo.svg\",\"contentUrl\":\"https:\\\/\\\/clsm.epn-agglo.fr\\\/wp-content\\\/uploads\\\/2023\\\/06\\\/new-logo.svg\",\"width\":289,\"height\":252,\"caption\":\"CLSM evreux\"},\"image\":{\"@id\":\"https:\\\/\\\/clsm.epn-agglo.fr\\\/#\\\/schema\\\/logo\\\/image\\\/\"}}]}<\/script>\n<!-- \/ Yoast SEO plugin. -->","yoast_head_json":{"title":"Page cr\u00e9dits - CLSM evreux","robots":{"index":"index","follow":"follow","max-snippet":"max-snippet:-1","max-image-preview":"max-image-preview:large","max-video-preview":"max-video-preview:-1"},"canonical":"https:\/\/clsm.epn-agglo.fr\/?page_id=1364","og_locale":"fr_FR","og_type":"article","og_title":"Page cr\u00e9dits - CLSM evreux","og_description":"Cr\u00e9dits images Image de pikisuperstar sur Freepik Image de macrovector sur Freepik Image de pikisuperstar sur Freepik Image de pikisuperstar sur Freepik Image de macrovector sur Freepik Image by pch.vector on Freepik Image de vectorjuice sur Freepik Image de vectorjuice sur Freepik La discrimination ic\u00f4nes cr\u00e9\u00e9es par Freepik &#8211; Flaticon Aide ic\u00f4nes cr\u00e9\u00e9es par Freepik [&hellip;]","og_url":"https:\/\/clsm.epn-agglo.fr\/?page_id=1364","og_site_name":"CLSM evreux","article_modified_time":"2023-06-21T12:34:36+00:00","twitter_card":"summary_large_image","twitter_misc":{"Dur\u00e9e de lecture estim\u00e9e":"1 minute"},"schema":{"@context":"https:\/\/schema.org","@graph":[{"@type":"WebPage","@id":"https:\/\/clsm.epn-agglo.fr\/?page_id=1364","url":"https:\/\/clsm.epn-agglo.fr\/?page_id=1364","name":"Page cr\u00e9dits - CLSM evreux","isPartOf":{"@id":"https:\/\/clsm.epn-agglo.fr\/#website"},"datePublished":"2023-06-06T09:20:05+00:00","dateModified":"2023-06-21T12:34:36+00:00","breadcrumb":{"@id":"https:\/\/clsm.epn-agglo.fr\/?page_id=1364#breadcrumb"},"inLanguage":"fr-FR","potentialAction":[{"@type":"ReadAction","target":["https:\/\/clsm.epn-agglo.fr\/?page_id=1364"]}]},{"@type":"BreadcrumbList","@id":"https:\/\/clsm.epn-agglo.fr\/?page_id=1364#breadcrumb","itemListElement":[{"@type":"ListItem","position":1,"name":"Accueil","item":"https:\/\/clsm.epn-agglo.fr\/"},{"@type":"ListItem","position":2,"name":"Page cr\u00e9dits"}]},{"@type":"WebSite","@id":"https:\/\/clsm.epn-agglo.fr\/#website","url":"https:\/\/clsm.epn-agglo.fr\/","name":"CLSM evreux","description":"","publisher":{"@id":"https:\/\/clsm.epn-agglo.fr\/#organization"},"potentialAction":[{"@type":"SearchAction","target":{"@type":"EntryPoint","urlTemplate":"https:\/\/clsm.epn-agglo.fr\/?s={search_term_string}"},"query-input":{"@type":"PropertyValueSpecification","valueRequired":true,"valueName":"search_term_string"}}],"inLanguage":"fr-FR"},{"@type":"Organization","@id":"https:\/\/clsm.epn-agglo.fr\/#organization","name":"CLSM evreux","url":"https:\/\/clsm.epn-agglo.fr\/","logo":{"@type":"ImageObject","inLanguage":"fr-FR","@id":"https:\/\/clsm.epn-agglo.fr\/#\/schema\/logo\/image\/","url":"https:\/\/clsm.epn-agglo.fr\/wp-content\/uploads\/2023\/06\/new-logo.svg","contentUrl":"https:\/\/clsm.epn-agglo.fr\/wp-content\/uploads\/2023\/06\/new-logo.svg","width":289,"height":252,"caption":"CLSM evreux"},"image":{"@id":"https:\/\/clsm.epn-agglo.fr\/#\/schema\/logo\/image\/"}}]}},"_links":{"self":[{"href":"https:\/\/clsm.epn-agglo.fr\/index.php?rest_route=\/wp\/v2\/pages\/1364","targetHints":{"allow":["GET"]}}],"collection":[{"href":"https:\/\/clsm.epn-agglo.fr\/index.php?rest_route=\/wp\/v2\/pages"}],"about":[{"href":"https:\/\/clsm.epn-agglo.fr\/index.php?rest_route=\/wp\/v2\/types\/page"}],"author":[{"embeddable":true,"href":"https:\/\/clsm.epn-agglo.fr\/index.php?rest_route=\/wp\/v2\/users\/4"}],"replies":[{"embeddable":true,"href":"https:\/\/clsm.epn-agglo.fr\/index.php?rest_route=%2Fwp%2Fv2%2Fcomments&post=1364"}],"version-history":[{"count":32,"href":"https:\/\/clsm.epn-agglo.fr\/index.php?rest_route=\/wp\/v2\/pages\/1364\/revisions"}],"predecessor-version":[{"id":2826,"href":"https:\/\/clsm.epn-agglo.fr\/index.php?rest_route=\/wp\/v2\/pages\/1364\/revisions\/2826"}],"wp:attachment":[{"href":"https:\/\/clsm.epn-agglo.fr\/index.php?rest_route=%2Fwp%2Fv2%2Fmedia&parent=1364"}],"curies":[{"name":"wp","href":"https:\/\/api.w.org\/{rel}","templated":true}]}}